mine k(-3).
-4
Let n(d) = -2*d**2 - 7*d + 52. Determine n(-7).
3
Let p(h) = h**3 + 5*h**2 + 2. Determine p(-6).
-34
Let s(q) = 9*q - 19. What is s(8)?
53
Let c(t) = t**3 + 11*t - 21. Give c(3).
39
Let t(i) = -8*i - 4. Determine t(2).
-20
Let w(d) = -d**2 - 11*d - 38. Give w(-5).
-8
Let s(h) = h**2 + 6*h + 4. Give s(-6).
4
Let j(c) = c**2 + 5*c + 9. What is j(-4)?
5
Let o(z) = 27*z + 481. What is o(-18)?
-5
Let g(c) = 2*c**3 - 2*c**2 - c - 1. Calculate g(3).
32
Let r(m) = -m**2 - 12*m + 27. Give r(-14).
-1
Let v(y) = 11*y**2 + y + 2. Calculate v(-2).
44
Let m(h) = -4*h - 4. What is m(-4)?
12
Let l(g) = -g**3 + 6*g**2 - 6. Give l(7).
-55
Let z(t) = -2*t - 26. What is z(-8)?
-10
Let g(p) = -45*p + 3. What is g(1)?
-42
Let n(l) = -l**2 - 4*l + 13. What is n(-6)?
1
Let i(f) = -f**2 + 12*f - 28. Calculate i(8).
4
Let h(f) = -2*f + 25. Calculate h(17).
-9
Let v(y) = -y**2 + 16*y - 42. What is v(13)?
-3
Let a(k) = k**3 + k**2 + 9. Give a(0).
9
Let z(d) = d**2 + 17*d - 268. Give z(10).
2
Let c(r) = -r - 5. Give c(-14).
9
Let t(d) = -15*d + 6. Calculate t(4).
-54
Let b(x) = 3*x**2 - 12*x - 7. Calculate b(-4).
89
Let r(x) = x**2 + 44*x + 197. Determine r(-5).
2
Let w(b) = -21*b + 89. What is w(7)?
-58
Let i(p) = p**2 + 13*p + 32. Determine i(-3).
2
Let r(z) = z**2 - 6*z + 6. What is r(6)?
6
Let v(f) = -12*f - 199. Give v(-17).
5
Let f(g) = -4*g + 2. Give f(4).
-14
Let n(b) = b**3 - 6*b**2 - 3*b - 5. Give n(6).
-23
Let r(z) = -4*z - 13. Determine r(-14).
43
Let d(r) = 11*r - 46. Give d(5).
9
Let w(k) = -k - 1. Calculate w(6).
-7
Let s(v) = 13*v**2 + 102*v - 21. Give s(-8).
-5
Let m(v) = -64*v - 134. Determine m(-2).
-6
Let k(t) = t**2 - 22*t + 118. Give k(13).
1
Let v(u) = 3*u**2 - 12*u. Calculate v(5).
15
Let f(s) = -s**3 - s**2 + 2*s. Determine f(2).
-8
Let h(r) = -7*r - 63. Calculate h(-21).
84
Let n(g) = 2*g. Calculate n(9).
18
Let i(z) = -3*z**3 - 6*z**2 + 9*z + 8. Calculate i(-4).
68
Let l(i) = -i**2 - 6*i + 12. Calculate l(-7).
5
Let j(z) = 16*z + 179. What is j(-9)?
35
Let z(x) = -x**2 + 10*x + 1. What is z(7)?
22
Let z(r) = -10*r - 17. Calculate z(7).
-87
Let l(i) = -i**2 + 5*i + 28. Give l(-9).
-98
Let k(m) = -5*m**2 - 7*m - 9. Calculate k(-2).
-15
Let i(y) = -52*y + 146. What is i(3)?
-10
Let c(z) = -z**2 + 7*z - 21. Determine c(9).
-39
Let m(d) = d**3 - 3*d**2 + 2*d. What is m(-3)?
-60
Let m(q) = 3*q**3 - 2*q**2 + q - 1. What is m(1)?
1
Let g(q) = q**3 - 6*q**2 + 2*q. Determine g(5).
-15
Let s(o) = -o**3 + 9*o**2 - 3*o - 4. Calculate s(9).
-31
Let u(l) = 6*l - 70. Determine u(13).
8
Let d(i) = -i**3 - 2*i**2 + 5*i + 1. What is d(-3)?
-5
Let y(c) = 68*c**2 - 478*c + 17. Give y(7).
3
Let q(h) = 16*h + 2. Calculate q(5).
82
Let n(d) = -2*d**3 - 2*d + 12. Determine n(0).
12
Let u(s) = -266*s + 795. Calculate u(3).
-3
Let r(z) = -z**2 - 15*z. What is r(-13)?
26
Let k(h) = -h**3 - 10*h**2 - 2*h + 27. What is k(-10)?
47
Let f(l) = 3*l - 3. What is f(-5)?
-18
Let z(l) = -2*l**3 + 2*l**2 - 3*l. Determine z(2).
-14
Let d(z) = z**3 - 20*z**2 + 21*z - 54. Determine d(19).
-16
Let s(o) = 26*o + 12. What is s(0)?
12
Let z(d) = d**3 + 2*d + 1. What is z(4)?
73
Let s(x) = -x**3 + 9*x**2 + 3*x + 4. Calculate s(9).
31
Let g(d) = d**2 - 13*d. Determine g(13).
0
Let m(c) = -13*c - 903. What is m(-69)?
-6
Let j(h) = -h**3 - 10*h**2 - 17*h - 10. Calculate j(-8).
-2
Let s(j) = j**2 - 7*j + 17. Determine s(7).
17
Let d(p) = -p**2 + 8*p + 1. Calculate d(9).
-8
Let n(f) = -f**3 - 7*f**2 - 6*f - 5. Determine n(-6).
-5
Let j(u) = -6*u + 10. What is j(-11)?
76
Let j(n) = -n**2 + 21*n - 75. Determine j(5).
5
Let d(z) = z**3 - 11*z**2 + 11*z - 8. What is d(10)?
2
Let p(d) = -d - 1. Give p(10).
-11
Let z(u) = 9*u + 2. Determine z(2).
20
Let h(k) = 2*k**3 - k**2 - 3*k - 1. Give h(3).
35
Let t(h) = -h**2 + 12*h - 17. Calculate t(11).
-6
Let k(p) = -p**3 - 4*p**2 + 17*p + 20. Calculate k(-7).
48
Let d(n) = n**2 + 4*n + 4. Calculate d(-3).
1
Let j(a) = 3*a - 9. Determine j(3).
0
Let v(o) = 10*o + 131. Give v(-13).
1
Let r(w) = 4*w**2 + 4*w + 12. What is r(5)?
132
Let b(f) = -f**2 + 53*f - 57. What is b(52)?
-5
Let v(q) = -q**3 - 4*q**2 + 12*q - 4. Determine v(-6).
-4
Let d(l) = -3*l - 17. Calculate d(-6).
1
Let u(w) = -6*w + 13. Determine u(-2).
25
Let p(o) = 2*o - 32. What is p(18)?
4
Let s(n) = n**2 - 3*n - 2. Determine s(4).
2
Let z(k) = k**2 + 23*k + 68. Give z(-20).
8
Let j(s) = -s**2 + 22*s - 23. Give j(21).
-2
Let r(j) = -j**3 + 3*j**2 + 3*j + 7. Determine r(3).
16
Let c(x) = 13*x**3 + 4*x**2 + 4*x + 2. What is c(-2)?
-94
Let r(s) = -s + 14. What is r(9)?
5
Let l(d) = -2*d**3 - 2*d**2 - 5*d - 2. Determine l(-3).
49
Let q(s) = 2*s**3 + s**2 - 13*s - 11. What is q(-3)?
-17
Let s(q) = -3*q - 5. Give s(-4).
7
Let m(r) = -17*r - 1043. Calculate m(-61).
-6
Let q(p) = -5*p - 2. Determine q(0).
-2
Let y(h) = -14*h**2 + h - 4. Determine y(2).
-58
Let g(l) = -l**2 + 31*l - 178. Give g(23).
6
Let m(z) = -26*z - 162. Give m(-6).
-6
Let l(p) = p - 22. Determine l(8).
-14
Let m(h) = -h**2 - 56*h + 108. Determine m(2).
-8
Let w(p) = 8*p + 79. Determine w(-10).
-1
Let y(s) = -s**2 + 12*s - 13. What is y(11)?
-2
Let t(u) = u**2 + 17*u - 9. Determine t(-17).
-9
Let u(q) = -q**3 - q**2 + 8*q + 3. What is u(4)?
-45
Let q(t) = -2*t**2 - 4*t + 14. Give q(-6).
-34
Let u(k) = -k**2 - 3*k + 100. Determine u(-12).
-8
Let d(u) = -u**2 - 31*u + 234. Give d(-37).
12
Let z(j) = j**2 - 11*j - 10. Give z(12).
2
Let q(c) = -2*c**2 - 15*c + 101. What is q(-12)?
-7
Let y(d) = d**3 - 8*d**2 + 11*d + 13. Calculate y(6).
7
Let f(o) = 10*o**2 + 289*o - 43. Determine f(-29).
-14
Let r(u) = 7*u**3 - 2*u**2 - 5*u - 5. Determine r(-2).
-59
Let r(b) = -b**2 + 7*b + 2. Give r(8).
-6
Let u(f) = -2*f**3 - 2*f**2 - 5*f - 2. What is u(-2)?
16
Let m(t) = t - 6. Give m(10).
4
Let g(j) = 2*j + 20. Calculate g(22).
64
Let j(m) = -m**3 + 6*m**2 - 3*m - 10. What is j(6)?
-28
Let v(i) = 2*i**2 + i. What is v(2)?
10
Let w(n) = -2*n**2 + 25*n - 40. Calculate w(11).
-7
Let u(y) = -2*y**3 - 13*y**2 - 7*y + 1. Calculate u(-6).
7
Let a(j) = -j**2 - 11*j - 14. What is a(-7)?
14
Let i(p) = -p**2 - 12*p - 47. Give i(-6).
-11
Let p(v) = v**3 + 15*v**2 - 5*v + 29. Calculate p(-15).
104
Let l(z) = 2*z**2 - 2*z - 4. Determine l(2).
0
Let x(l) = 2*l - 17. Calculate x(15).
13
Let o(l) = -l**3 + 5*l**2 + 8*l + 5. What is o(6)?
17
Let v(j) = 3*j**2 - 2. Determine v(-2).
10
Let v(u) = -u**2 - 15*u + 8. What is v(-16)?
-8
Let q(y) = y**2 + 7*y + 18. Determine q(-4).
6
Let p(t) = -t**2 - 4*t + 65. What is p(6)?
5
Let n(q) = 2*q**3 + 6*q**2 + 8*q + 8. Determine n(-5).
-132
Let p(x) = -x**3 + 4. Calculate p(3).
-23
Let i(a) = -4*a + 15. What is i(-8)?
47
Let c(z) = z**3 - 4*z**2 - 4*z - 14. Give c(6).
34
Let c(j) = 46*j + 2. Calculate c(2).
94
Let h(c) = -c**2 + 7*c - 7. Give h(4).
5
Let c(p) = -p**3 + 5*p**2 + 5*p. Calculate c(-3).
57
Let u(g) = -g**3 - 5*g**2 + 36*g + 154. Give u(-7).
0
Let o(q) = -3*q - 3. Calculate o(3).
-12
Let n(w) = 10*w - 110. Determine n(11).
0
Let o(w) = -w - 10. What is o(-3)?
-7
Let o(f) = -f**3 - 10*f**2 - 2*f - 13. Determine o(-9).
-76
Let z(m) = -60*m + 533. What is z(9)?
-7
Let p(x) = -x**3 - 9*x**2 + 15*x + 54. Calculate p(-10).
4
Let v(t) = -t**3 + 10*t**2 + 3. Give v(10).
3
Let m(d) = -d**3 + d + 10. Give m(0).
10
Let h(n) = 6*n**3 - n**2 + n + 3. What is h(-2)?
-51
Let r(t) = -2*t**2 - t. Calculate r(2).
-10
Let u(p) = -7*p - 3. What is u(-3)?
18
Let v(n) = -n**2 + 2*n + 3. Determine v(4).
-5
Let b(x) = -x**3 + 9*x**2 - 20*x - 3. Calculate b(6).
-15
Let g(m) = m**2 - 24*m - 19. Calculate g(25).
6
Let k(w) = -10*w + 22. Determine k(-15).
172
Let i(h) = -h**3 - 4*h**2 + 12*h + 6. Give i(-6).
6
Let c(w) = 9*w + 21. Determine c(-3).
-6
Let y(o) = o**2 - 14*o - 201. Give y(23).
6
Let k(a) = -a**2 - 2*a + 1. What is k(1)?
-2
Let w(q) = -q**2 - 10*q + 70. Give w(7).
-49
Let t(n) = n**3 - 27*n**2 + 49*n + 7. Calculate t(25).
-18
Let t(g) = -g**2 + 3*g + 33. Determine t(8).
-7
Let g(u) = -2*u**3 - u**2 + u + 6. Calculate g(-2).
16
Let f(c) = 2*c**3 - 2*c**2 - 2*c - 8. Give f(3).
22
Let r(l) = -l**2 + 6*l + 14. What is r(9)?
-13
Let r(v) = -v**3 - 9*v**2 + 4*v - 2. What is r(-8)?
-98
Let p(q) = 4*q**2 + 19*q - 9. Give p(-5).
-4
Let p(x) = -x**3 + 8*x**2 - 10*x + 5. Give p(6).
17
Let z(p) = 3*p + 15. Determine z(-4).
